{"id":9696,"date":"2015-11-25T12:49:21","date_gmt":"2015-11-25T11:49:21","guid":{"rendered":"http:\/\/www.einfach-topfit.at\/?page_id=9696"},"modified":"2017-10-07T20:11:12","modified_gmt":"2017-10-07T18:11:12","slug":"piloxing","status":"publish","type":"page","link":"https:\/\/www.einfach-topfit.at\/etf\/training\/piloxing\/","title":{"rendered":"PILOXING\u00ae"},"content":{"rendered":"\t\t<h2 class=\"text-divider-double\">\t\t\t\nPILOXING\u00ae<br \/>\n\t\t<\/h2>\t\t<div class=\"sep\"><\/div>\t\n<div class=\"row \"><div class=\"wpv-grid grid-3-4  wpv-first-level first unextended\" style=\"padding-top:0px;padding-bottom:0px\" id=\"wpv-column-14f9a072a21daf974c35fa58fc728dee\" ><p><strong>Piloxing <\/strong>kombiniert die kraftvollen schnellen Bewegungen von Boxen mit den \u00e4sthetischen und feinen \u00dcbungen von Pilates. Es\u00a0ist ein <strong>schwei\u00dftreibendes Intervall-Training<\/strong> mit folgenden\u00a0Zielen:<\/p>\n\n<ul class=\"styled-list  icon-accent1\">\n<li class=\" icon-b \" data-icon=\"&#57931;\">Fett zu verbrennen<\/li>\n<li class=\" icon-b \" data-icon=\"&#57931;\">Muskeln aufzubauen und<\/li>\n<li class=\" icon-b \" data-icon=\"&#57931;\">den K\u00f6rper zu formen und zu straffen.<\/li>\n<\/ul>\n\n<p>Gleichzeitig wird das <strong>Herz-Kreislauf-System<\/strong> gest\u00e4rkt. <strong>Flexibilit\u00e4t<\/strong>, <strong>Beweglichkeit<\/strong> und <strong>Ausdauer<\/strong> werden bei dem Workout durch die Elemente aus dem Fitness-Boxen gef\u00f6rdert. Die \u00dcbungen, die unter dem Einfluss von Pilates stehen, kr\u00e4ftigen die tiefer liegenden Muskelgruppen und die <strong>K\u00f6rperhaltung<\/strong> verbessert sich insgesamt. Die Phasen wechseln sich ab, wechseln zwischen Boxen, Pilates und Tanzelementen und werden gemeinsam zur schwei\u00dftreibenden Herausforderung.\u00a0Das Beste daran, es macht auch richtig <strong>Spa\u00df<\/strong>!<\/p>\n<div class=\"push\" style='height:30px'><\/div>\n<h4><strong> <span class='highlight dark'><span class='highlight-content'>TERMINE<\/span><\/span> <\/strong><\/h4>\n\n<ul class=\"styled-list  icon-accent1\">\n<li class=\" icon-b \" data-icon=\"&#58067;\">derzeit kein laufender Kurs<\/li>\n<li class=\" icon-b \" data-icon=\"&#58067;\">Individuelle\u00a0Firmenfitness jederzeit buchbar!<\/li>\n<\/ul>\n<\/div>\n<div class=\"wpv-grid grid-1-4  wpv-first-level unextended\" style=\"padding-top:0px;padding-bottom:0px\" id=\"wpv-column-d3ff63dfb6601b80967e43c8a5f8d796\" ><p><img loading=\"lazy\" decoding=\"async\" class=\"aligncenter size-full wp-image-9634\" src=\"http:\/\/www.einfach-topfit.at\/wp-content\/uploads\/2015\/11\/Kurs-Piloxing-e1447582950761.jpg\" alt=\"Kurs - Piloxing\" width=\"210\" height=\"350\" srcset=\"https:\/\/www.einfach-topfit.at\/etf\/wp-content\/uploads\/Kurs-Piloxing-e1447582950761.jpg 210w, https:\/\/www.einfach-topfit.at\/etf\/wp-content\/uploads\/Kurs-Piloxing-e1447582950761-180x300.jpg 180w\" sizes=\"(max-width: 210px) 100vw, 210px\" \/><\/div><\/div>\n","protected":false},"excerpt":{"rendered":"<p>Piloxing kombiniert die kraftvollen schnellen Bewegungen von Boxen mit den \u00e4sthetischen und feinen \u00dcbungen von Pilates. Es\u00a0ist ein schwei\u00dftreibendes Intervall-Training mit folgenden\u00a0Zielen: Gleichzeitig wird das Herz-Kreislauf-System gest\u00e4rkt. Flexibilit\u00e4t, Beweglichkeit und Ausdauer werden bei dem Workout durch die Elemente aus dem Fitness-Boxen gef\u00f6rdert. Die \u00dcbungen, die unter dem Einfluss von Pilates stehen, kr\u00e4ftigen die tiefer liegenden&#8230;<\/p>\n","protected":false},"author":1,"featured_media":0,"parent":10773,"menu_order":0,"comment_status":"closed","ping_status":"closed","template":"","meta":{"pgc_sgb_lightbox_settings":"","footnotes":""},"_links":{"self":[{"href":"https:\/\/www.einfach-topfit.at\/etf\/wp-json\/wp\/v2\/pages\/9696"}],"collection":[{"href":"https:\/\/www.einfach-topfit.at\/etf\/wp-json\/wp\/v2\/pages"}],"about":[{"href":"https:\/\/www.einfach-topfit.at\/etf\/wp-json\/wp\/v2\/types\/page"}],"author":[{"embeddable":true,"href":"https:\/\/www.einfach-topfit.at\/etf\/wp-json\/wp\/v2\/users\/1"}],"replies":[{"embeddable":true,"href":"https:\/\/www.einfach-topfit.at\/etf\/wp-json\/wp\/v2\/comments?post=9696"}],"version-history":[{"count":3,"href":"https:\/\/www.einfach-topfit.at\/etf\/wp-json\/wp\/v2\/pages\/9696\/revisions"}],"predecessor-version":[{"id":10974,"href":"https:\/\/www.einfach-topfit.at\/etf\/wp-json\/wp\/v2\/pages\/9696\/revisions\/10974"}],"up":[{"embeddable":true,"href":"https:\/\/www.einfach-topfit.at\/etf\/wp-json\/wp\/v2\/pages\/10773"}],"wp:attachment":[{"href":"https:\/\/www.einfach-topfit.at\/etf\/wp-json\/wp\/v2\/media?parent=9696"}],"curies":[{"name":"wp","href":"https:\/\/api.w.org\/{rel}","templated":true}]}}